 be q(2). Let s be 92/(-6) - p/48. Let b = 23 + s. Calculate the remainder when 45 is divided by b.
5
Suppose 3*l + 3 = 15. Suppose -l*o + 20 = 6*o. Suppose -m + o*m - 4*t - 8 = 0, 3*t + 40 = 5*m. Calculate the remainder when 22 is divided by m.
6
Let d be (-10)/(-40) - (-30)/8. Suppose d*z - 3*v - 273 = -0*v, 3*v + 57 = z. Let x = z - 60. Calculate the remainder when 33 is divided by x.
9
Suppose 3*l - 3*i + 147 = 981, 0 = 6*l + 3*i - 1668. Calculate the remainder when 1385 is divided by l.
273
Let z be ((-28)/(-70))/(1/(-5)) - -2. Suppose -5*b = -4*n - z*n - 2172, 1308 = 3*b - 4*n. What is the remainder when b is divided by 62?
60
What is the remainder when 3695 is divided by 227 + -17 + 33 + -12?
230
What is the remainder when 52 is divided by ((-23)/161)/(2/(-406)) - 2?
25
Let p = 15254 + -14800. What is the remainder when p is divided by 294?
160
Suppose 5*g = -u - 34 + 162, u - 3*g - 136 = 0. Suppose 2*k = u + 147. Calculate the remainder when k is divided by 11.
8
Suppose 3*z + 5*q - 6 = 0, 10 - 2 = 4*z + 5*q. What is the remainder when 34 is divided by (z - 24)*3/(-6)?
1
Let g(f) = f + 10. Suppose 14*c - 163 = 5. Let k = c + 47. Calculate the remainder when k is divided by g(5).
14
Let b(r) = -4*r - 31. Let c be b(-9). Suppose -4*d = -2*z + 10 + 2, -6 = c*z + 2*d. Suppose z = j - 75 + 25. What is the remainder when j is divided by 18?
14
Let w(t) = 9*t**2 + 307*t + 1243. What is the remainder when w(-4) is divided by 8/6*81/6?
15
Let a = 114 + -429. Let n = 584 + a. What is the remainder when n is divided by 18?
17
Calculate the remainder when 319 is divided by 6 + (44/(-8) - -6)*(5 - -105).
14
What is the remainder when 1742 is divided by 193/(-14 - 258/(-18))?
5
Suppose -4*q = -b + 29, -6*b + 2*b = -2*q - 172. Let n be (-2)/21*-6 + b/7. Suppose -18 - n = -5*a. Calculate the remainder when 37 is divided by a.
2
Suppose -9485 - 8275 = -30*a. Let o = -507 + a. Calculate the remainder when 255 is divided by o.
0
Let y = 33 + -29. Suppose 262 = 4*z + 2*p, -y*z - 7*p + 267 = -4*p. Let i = 31 - 9. Calculate the remainder when z is divided by i.
19
Suppose 4*b + 9 = 5*b. Suppose 6*v = b*v + 81. What is the remainder when 6/v + (-1038)/(-54) is divided by 6?
1
Let s = -15232 - -16452. Calculate the remainder when s is divided by 8.
4
Let k = 270 - 11. Let a = -1072 + 1137. What is the remainder when k is divided by a?
64
Let s = -73 + 48. What is the remainder when ((-1)/(-2))/(s/(-11800)) is divided by 14?
12
Let x = 6997 - 6975. Let t = 25 - 3. What is the remainder when t is divided by x?
0
Let p(j) be the second derivative of -7*j**5/20 + j**3 + 11*j**2/2 - 39*j. Let f = 53 - 22. What is the remainder when p(-2) is divided by f?
24
Let i be ((-4)/6)/(2/(-543)). Let f = -117 + i. Suppose 4*p - 27 = -17 + 46. What is the remainder when f is divided by p?
8
Suppose -g = -5, -q - 135*g = -139*g - 567. Calculate the remainder when q is divided by 143.
15
Suppose 9*z + 77949 = 17*z + 16477. Calculate the remainder when z is divided by 61.
59
Let g = -2824 - -3440. Calculate the remainder when g is divided by 124.
120
Suppose 5*j - 32 = y - 200, 0 = -2*j + 10. Suppose -y = -17*m + 147. Calculate the remainder when 159 is divided by m.
19
Suppose -11*l + 25*l = 42. Suppose 0 = -l*m - 12, -4*p - 46 = -5*p - 2*m. Calculate the remainder when p is divided by 29.
25
Let w(l) = 2*l**2 + 5*l + 8. Let c(m) = -5*m**3 + 4*m**2 + 13*m + 28. Calculate the remainder when c(-3) is divided by w(3).
37
Suppose -b = -w + 105, -2*w + 120*b - 132*b + 308 = 0. What is the remainder when 165 is divided by w?
53
Suppose -307*h - 102 = -310*h. What is the remainder when 301 is divided by h?
29
Let o(z) = -3*z**3 + 41*z**2 - 64*z + 64. Calculate the remainder when 143 is divided by o(12).
15
Suppose 20*u - 1295 = 27*u. Let d = -175 - u. Calculate the remainder when 67 is divided by d.
7
Suppose 28*w = 34*w - 816. Let x = -133 + w. Calculate the remainder when x is divided by 1.
0
Suppose 99*d = 25*d + 34466 - 796. What is the remainder when d is divided by 150?
5
Suppose -v - v - b = -101, 3*v - 4*b - 124 = 0. Suppose -4 = 4*p + v. Let z = p + 27. What is the remainder when z is divided by 10?
4
Let v(h) = 11*h**2 - 524*h + 399. Calculate the remainder when v(54) is divided by 19.
18
Let s = -8868 + 8890. Calculate the remainder when 387 is divided by s.
13
Let h = -133 + 134. Let c(r) = -34*r + 205. What is the remainder when h is divided by c(6)?
0
Let s = 99 + -45. Let f(q) = q**2 + 3*q - 364. Calculate the remainder when s is divided by f(-21).
12
Let d = -97 + 105. Suppose 3*o - d = 10. Suppose 3*i + 23 - 65 = 0. What is the remainder when i is divided by o?
2
What is the remainder when (-427632)/(-1239) + (-16)/14 is divided by 46?
22
Let i = -35731 + 35957. What is the remainder when 3602 is divided by i?
212
Let y be 6/(-3)*-5 - (-2 - -6). Let h = y + 7. Suppose 2*u - 70 = 30. Calculate the remainder when u is divided by h.
11
Suppose 0 = -48*c - 49*c + 103*c - 13086. Calculate the remainder when c is divided by 19.
15
Suppose 3*m = 6*m - 4*b - 1066, -3*b = -3*m + 1062. Let g = m - 330. What is the remainder when 158 is divided by g?
18
Let l = 19714 + -18297. Calculate the remainder when l is divided by 33.
31
Suppose 21*y - 2 = -2. Suppose -5*p = 5*a, y = 5*a + 3*p + p - 2. Calculate the remainder when 3 is divided by a.
1
Let k(f) = f + 20. Let r be k(-12). Suppose 79 = 11*o - 9. Calculate the remainder when 40 is divided by o/(-3)*(-66)/r.
18
Let p(c) = -8*c**2 + 53*c + 194. Let w(d) = -8*d**2 + 52*d + 195. Let k(x) = 5*p(x) - 6*w(x). Calculate the remainder when k(-4) is divided by 39.
38
Let m be 10/60 + (-878)/12. Let b = -49 - m. Let i = b - 11. What is the remainder when 76 is divided by i?
11
Suppose 8*q - 10*q = 2*n - 76, -11*q + 13*q = -14. What is the remainder when n is divided by (-6)/15 - 304/(-10)?
15
Let v(f) = f**3 + 22*f**2 + 6*f - 6. Let l be v(-22). Let d(q) = 8*q**2 + 31*q + 2. What is the remainder when 4 + (-3 - 1*l) is divided by d(-5)?
45
Let g = -2816 - -2848. Calculate the remainder when 675 is divided by g.
3
Calculate the remainder when 611 is divided by ((-3)/15)/((-3112)/9300 - 5/(-15)).
146
Suppose 24*u - 790 = 26*u. Let n = u + 427. Calculate the remainder when 62 is divided by n.
30
Suppose -3*o + 47 = 4*r - 76, -5*o - 15 = 0. Suppose -r = -5*s - 3*j + 4*j, -3*s + 3*j + 27 = 0. What is the remainder when s is divided by 5?
1
Suppose 8*v - 993 = -76*v + 13371. Calculate the remainder when 564 is divided by v.
51
Let p = 140 - 135. Suppose 4*v - 65 = 3*t, -19 = -p*v - 4*t + 70. What is the remainder when v is divided by 6/(-1)*(-10)/6?
7
Suppose 5*b + 3*c = 21612, 6761 = 2*b + 3*c - 1891. What is the remainder when b is divided by 131?
128
Suppose -f + 33 - 36 = 0. Let s be 14*1 + (-2 + f - -4). Suppose -s = 3*j - 91. What is the remainder when j is divided by 4?
2
Calculate the remainder when 1970 is divided by (2 - 1518/161)*-7.
46
Suppose 19*q = -45 + 230 + 575. Suppose 48 = k + 2*k. Calculate the remainder when q is divided by k.
8
Let v be (-774)/81 + 12 - 4/9. Suppose p - a - 9 = 3, -3*p = 4*a - 15. Suppose p - v = o. Calculate the remainder when 18 is divided by o.
4
Let w(n) = -n**2 + 9*n + 16. Let l be 2*59/(1/(5/2)). Suppose 5*a = -5*s + l, -3*s + s = 4*a - 110. Calculate the remainder when s is divided by w(9).
15
Let y(m) = 2*m**2 + 57*m - 60. Let w = -380 - -431. Calculate the remainder when w is divided by y(-30).
21
Let h(p) = 13*p + 2. Let x(v) = -v**3 + 99*v**2 + 189*v - 37019. Calculate the remainder when x(97) is divided by h(3).
9
Suppose -147 = -2*w + 4*v + 241, -3*w + v + 587 = 0. Let k = 52063 + -52053. Calculate the remainder when w is divided by k.
6
Let i = 7503 + -7330. Calculate the remainder when 1380 is divided by i.
169
Suppose 4*q - 746 = z, 21*z = 22*z + 2. What is the remainder when 2606 is divided by q?
2
Let q = -28 + 32. Let s be 3 + (q - 6) - -25. Calculate the remainder when 29 is divided by (-4)/s + (-840)/(-52).
13
What is the remainder when 15 - (-1728 - 8)/4 is divided by 43?
19
Let s = 31 + -2. Let v(b) = 5*b - 30. Let y be v(7). Suppose 3*m - y*u - 45 = 279, m + 4*u = 125. Calculate the remainder when m is divided by s.
26
Let j(u) = 54*u + 540. Calculate the remainder when 1186